{"id":5473,"date":"2020-02-01T19:05:12","date_gmt":"2020-02-01T19:05:12","guid":{"rendered":"https:\/\/voufazeronline.com.br\/instructors\/"},"modified":"2023-01-27T19:51:17","modified_gmt":"2023-01-27T19:51:17","slug":"instrutores","status":"publish","type":"page","link":"https:\/\/procurandooque.com.br\/curso\/instrutores\/","title":{"rendered":"Instrutores"},"content":{"rendered":"\t\t<div data-elementor-type=\"wp-page\" data-elementor-id=\"5473\" class=\"elementor elementor-5473\">\n\t\t\t\t\t\t<section class=\"elementor-section elementor-top-section elementor-element elementor-element-6385721 elementor-section-stretched elementor-section-boxed elementor-section-height-default elementor-section-height-default\" data-id=\"6385721\" data-element_type=\"section\" data-e-type=\"section\" data-settings=\"{&quot;stretch_section&quot;:&quot;section-stretched&quot;,&quot;background_background&quot;:&quot;classic&quot;}\">\n\t\t\t\t\t\t\t<div class=\"elementor-background-overlay\"><\/div>\n\t\t\t\t\t\t\t<div class=\"elementor-container elementor-column-gap-default\">\n\t\t\t\t\t<div class=\"elementor-column elementor-col-100 elementor-top-column elementor-element elementor-element-f5985e1\" data-id=\"f5985e1\" data-element_type=\"column\" data-e-type=\"column\">\n\t\t\t<div class=\"elementor-widget-wrap\">\n\t\t\t\t\t\t\t<\/div>\n\t\t<\/div>\n\t\t\t\t\t<\/div>\n\t\t<\/section>\n\t\t\t\t<section class=\"elementor-section elementor-top-section elementor-element elementor-element-82fecd6 elementor-section-content-middle elementor-section-boxed elementor-section-height-default elementor-section-height-default\" data-id=\"82fecd6\" data-element_type=\"section\" data-e-type=\"section\" data-settings=\"{&quot;background_background&quot;:&quot;classic&quot;}\">\n\t\t\t\t\t\t<div class=\"elementor-container elementor-column-gap-no\">\n\t\t\t\t\t<div class=\"elementor-column elementor-col-33 elementor-top-column elementor-element elementor-element-f69e819\" data-id=\"f69e819\" data-element_type=\"column\" data-e-type=\"column\">\n\t\t\t<div class=\"elementor-widget-wrap elementor-element-populated\">\n\t\t\t\t\t\t<div class=\"elementor-element elementor-element-5b9c49e elementor-widget elementor-widget-heading\" data-id=\"5b9c49e\" data-element_type=\"widget\" data-e-type=\"widget\" data-widget_type=\"heading.default\">\n\t\t\t\t<div class=\"elementor-widget-container\">\n\t\t\t\t\t<h6 class=\"elementor-heading-title elementor-size-default\">Professores com vis\u00e3o<\/h6>\t\t\t\t<\/div>\n\t\t\t\t<\/div>\n\t\t\t\t<div class=\"elementor-element elementor-element-f6e8492 elementor-widget elementor-widget-heading\" data-id=\"f6e8492\" data-element_type=\"widget\" data-e-type=\"widget\" data-widget_type=\"heading.default\">\n\t\t\t\t<div class=\"elementor-widget-container\">\n\t\t\t\t\t<h2 class=\"elementor-heading-title elementor-size-default\">Nossos instrutores<\/h2>\t\t\t\t<\/div>\n\t\t\t\t<\/div>\n\t\t\t\t\t<\/div>\n\t\t<\/div>\n\t\t\t\t<div class=\"elementor-column elementor-col-66 elementor-top-column elementor-element elementor-element-e16f0cf\" data-id=\"e16f0cf\" data-element_type=\"column\" data-e-type=\"column\">\n\t\t\t<div class=\"elementor-widget-wrap elementor-element-populated\">\n\t\t\t\t\t\t<div class=\"elementor-element elementor-element-242b535 elementor-widget elementor-widget-text-editor\" data-id=\"242b535\" data-element_type=\"widget\" data-e-type=\"widget\" data-widget_type=\"text-editor.default\">\n\t\t\t\t<div class=\"elementor-widget-container\">\n\t\t\t\t\t\t\t\t\t<p>Contamos com uma equipe de profissionais capacitados para oferecer o melhor ensino aprendizado.<\/p>\t\t\t\t\t\t\t\t<\/div>\n\t\t\t\t<\/div>\n\t\t\t\t\t<\/div>\n\t\t<\/div>\n\t\t\t\t\t<\/div>\n\t\t<\/section>\n\t\t\t\t<section class=\"elementor-section elementor-top-section elementor-element elementor-element-a6090d7 elementor-section-boxed elementor-section-height-default elementor-section-height-default\" data-id=\"a6090d7\" data-element_type=\"section\" data-e-type=\"section\">\n\t\t\t\t\t\t<div class=\"elementor-container elementor-column-gap-default\">\n\t\t\t\t\t<div class=\"elementor-column elementor-col-100 elementor-top-column elementor-element elementor-element-55d9060\" data-id=\"55d9060\" data-element_type=\"column\" data-e-type=\"column\">\n\t\t\t<div class=\"elementor-widget-wrap elementor-element-populated\">\n\t\t\t\t\t\t<div class=\"elementor-element elementor-element-582fd58 elementor-widget elementor-widget-shortcode\" data-id=\"582fd58\" data-element_type=\"widget\" data-e-type=\"widget\" data-widget_type=\"shortcode.default\">\n\t\t\t\t<div class=\"elementor-widget-container\">\n\t\t\t\t\t\t\t<div class=\"elementor-shortcode\">\n<div class=\"tutor-wrap tutor-wrap-parent tutor-instructors\" tutor-instructors \ndata-column_per_row=\"2\" data-count=\"2\" data-layout=\"cover\" data-show_filter=\"1\" data-instructors_count=\"1\" data-column_count=\"2\" data-limit=\"2\" data-current_page=\"1\" >\n\t<div class=\"tutor-row\">\n\t\t<aside class=\"tutor-col-lg-3 tutor-mb-32 tutor-mb-lg-0\" tutor-instructors-filters>\n\t\t\t<div class=\"tutor-d-flex tutor-align-center\">\n\t\t\t\t<div>\n\t\t\t\t\t<span class=\"tutor-icon-slider-vertical tutor-color-primary tutor-mr-8\" aria-hidden=\"true\"><\/span>\n\t\t\t\t\t<span class=\"tutor-fs-5 tutor-fw-medium tutor-color-black\">Filtros<\/span>\n\t\t\t\t<\/div>\n\n\t\t\t\t<div class=\"tutor-ml-32\">\n\t\t\t\t\t<a href=\"#\" class=\"tutor-btn tutor-btn-ghost\" tutor-instructors-filter-clear>\n\t\t\t\t\t\t<span class=\"tutor-icon-times tutor-mr-8\" aria-hidden=\"true\"><\/span>\n\t\t\t\t\t\t<span class=\"tutor-fw-medium\">Claro<\/span>\n\t\t\t\t\t<\/a>\n\t\t\t\t<\/div>\n\t\t\t<\/div>\n\n\t\t\t<div class=\"tutor-widget tutor-widget-course-categories tutor-mt-48\">\n\t\t\t\t<h3 class=\"tutor-widget-title\">\n\t\t\t\t\tCategoria\t\t\t\t<\/h3>\n\n\t\t\t\t<div class=\"tutor-widget-content\">\n\t\t\t\t\t<div class=\"tutor-toggle-more-content tutor-toggle-more-collapsed\" data-tutor-toggle-more-content data-toggle-height=\"200\" style=\"height: 200px;\">\n\t\t\t\t\t\t<div class=\"tutor-list\" tutor-instructors-filter-category>\n\t\t\t\t\t\t\t\t\t\t\t\t\t\t\t<div class=\"tutor-list-item\">\n\t\t\t\t\t\t\t\t\t<label>\n\t\t\t\t\t\t\t\t\t\t<input id=\"tutor-instructor-checkbox-687\" type=\"checkbox\" class=\"tutor-form-check-input\" name=\"category\" value=\"687\" \/>\n\t\t\t\t\t\t\t\t\t\tCursos e Treinamentos\t\t\t\t\t\t\t\t\t<\/label>\n\t\t\t\t\t\t\t\t<\/div>\n\t\t\t\t\t\t\t\t\t\t\t\t\t\t\t<div class=\"tutor-list-item\">\n\t\t\t\t\t\t\t\t\t<label>\n\t\t\t\t\t\t\t\t\t\t<input id=\"tutor-instructor-checkbox-699\" type=\"checkbox\" class=\"tutor-form-check-input\" name=\"category\" value=\"699\" \/>\n\t\t\t\t\t\t\t\t\t\tOnline\t\t\t\t\t\t\t\t\t<\/label>\n\t\t\t\t\t\t\t\t<\/div>\n\t\t\t\t\t\t\t\t\t\t\t\t\t\t\t<div class=\"tutor-list-item\">\n\t\t\t\t\t\t\t\t\t<label>\n\t\t\t\t\t\t\t\t\t\t<input id=\"tutor-instructor-checkbox-197\" type=\"checkbox\" class=\"tutor-form-check-input\" name=\"category\" value=\"197\" \/>\n\t\t\t\t\t\t\t\t\t\tCursos de Inform\u00e1tica\t\t\t\t\t\t\t\t\t<\/label>\n\t\t\t\t\t\t\t\t<\/div>\n\t\t\t\t\t\t\t\t\t\t\t\t\t\t\t<div class=\"tutor-list-item\">\n\t\t\t\t\t\t\t\t\t<label>\n\t\t\t\t\t\t\t\t\t\t<input id=\"tutor-instructor-checkbox-650\" type=\"checkbox\" class=\"tutor-form-check-input\" name=\"category\" value=\"650\" \/>\n\t\t\t\t\t\t\t\t\t\tCurso B\u00edblico\t\t\t\t\t\t\t\t\t<\/label>\n\t\t\t\t\t\t\t\t<\/div>\n\t\t\t\t\t\t\t\t\t\t\t\t\t\t\t<div class=\"tutor-list-item\">\n\t\t\t\t\t\t\t\t\t<label>\n\t\t\t\t\t\t\t\t\t\t<input id=\"tutor-instructor-checkbox-651\" type=\"checkbox\" class=\"tutor-form-check-input\" name=\"category\" value=\"651\" \/>\n\t\t\t\t\t\t\t\t\t\tCurso Biblico sobre Jesus\t\t\t\t\t\t\t\t\t<\/label>\n\t\t\t\t\t\t\t\t<\/div>\n\t\t\t\t\t\t\t\t\t\t\t\t\t\t\t<div class=\"tutor-list-item\">\n\t\t\t\t\t\t\t\t\t<label>\n\t\t\t\t\t\t\t\t\t\t<input id=\"tutor-instructor-checkbox-708\" type=\"checkbox\" class=\"tutor-form-check-input\" name=\"category\" value=\"708\" \/>\n\t\t\t\t\t\t\t\t\t\tCapacita\u00e7\u00e3o profissional\t\t\t\t\t\t\t\t\t<\/label>\n\t\t\t\t\t\t\t\t<\/div>\n\t\t\t\t\t\t\t\t\t\t\t\t\t\t\t<div class=\"tutor-list-item\">\n\t\t\t\t\t\t\t\t\t<label>\n\t\t\t\t\t\t\t\t\t\t<input id=\"tutor-instructor-checkbox-649\" type=\"checkbox\" class=\"tutor-form-check-input\" name=\"category\" value=\"649\" \/>\n\t\t\t\t\t\t\t\t\t\tIntrodu\u00e7\u00e3o \u00e0 Inform\u00e1tica\t\t\t\t\t\t\t\t\t<\/label>\n\t\t\t\t\t\t\t\t<\/div>\n\t\t\t\t\t\t\t\t\t\t\t\t\t\t\t<div class=\"tutor-list-item\">\n\t\t\t\t\t\t\t\t\t<label>\n\t\t\t\t\t\t\t\t\t\t<input id=\"tutor-instructor-checkbox-696\" type=\"checkbox\" class=\"tutor-form-check-input\" name=\"category\" value=\"696\" \/>\n\t\t\t\t\t\t\t\t\t\tSemipresencial: Anajatuba-MA\t\t\t\t\t\t\t\t\t<\/label>\n\t\t\t\t\t\t\t\t<\/div>\n\t\t\t\t\t\t\t\t\t\t\t\t\t\t\t<div class=\"tutor-list-item\">\n\t\t\t\t\t\t\t\t\t<label>\n\t\t\t\t\t\t\t\t\t\t<input id=\"tutor-instructor-checkbox-710\" type=\"checkbox\" class=\"tutor-form-check-input\" name=\"category\" value=\"710\" \/>\n\t\t\t\t\t\t\t\t\t\tMaketing Digital\t\t\t\t\t\t\t\t\t<\/label>\n\t\t\t\t\t\t\t\t<\/div>\n\t\t\t\t\t\t\t\t\t\t\t\t\t<\/div>\n\t\t\t\t\t<\/div>\n\n\t\t\t\t\t\t\t\t\t\t\t<a href=\"#\" class=\"tutor-btn-show-more tutor-btn tutor-btn-ghost tutor-mt-32\" data-tutor-toggle-more=\".tutor-toggle-more-content\">\n\t\t\t\t\t\t\t<span class=\"tutor-toggle-btn-icon tutor-icon tutor-icon-plus tutor-mr-8\" aria-hidden=\"true\"><\/span>\n\t\t\t\t\t\t\t<span class=\"tutor-toggle-btn-text\">Mostrar Mais<\/span>\n\t\t\t\t\t\t<\/a>\n\t\t\t\t\t\t\t\t\t<\/div>\n\t\t\t<\/div>\n\n\t\t\t<div class=\"tutor-widget tutor-widget-course-ratings tutor-mt-48\">\n\t\t\t\t<h3 class=\"tutor-widget-title\">\n\t\t\t\t\tClassifica\u00e7\u00f5es\t\t\t\t<\/h3>\n\n\t\t\t\t<div class=\"tutor-widget-content\">\n\t\t\t\t<div class=\"tutor-ratings tutor-ratings-lg tutor-ratings-selectable\">\n\t\t\t\t\t\t<div class=\"tutor-ratings-stars\">\n\t\t\t\t\t\t\t\t\t\t\t\t\t\t\t<i class=\"tutor-icon-star-line\" tutor-instructors-filter-rating data-value=\"1\" aria-hidden=\"true\"><\/i>\n\t\t\t\t\t\t\t\t\t\t\t\t\t\t\t<i class=\"tutor-icon-star-line\" tutor-instructors-filter-rating data-value=\"2\" aria-hidden=\"true\"><\/i>\n\t\t\t\t\t\t\t\t\t\t\t\t\t\t\t<i class=\"tutor-icon-star-line\" tutor-instructors-filter-rating data-value=\"3\" aria-hidden=\"true\"><\/i>\n\t\t\t\t\t\t\t\t\t\t\t\t\t\t\t<i class=\"tutor-icon-star-line\" tutor-instructors-filter-rating data-value=\"4\" aria-hidden=\"true\"><\/i>\n\t\t\t\t\t\t\t\t\t\t\t\t\t\t\t<i class=\"tutor-icon-star-line\" tutor-instructors-filter-rating data-value=\"5\" aria-hidden=\"true\"><\/i>\n\t\t\t\t\t\t\t \n\t\t\t\t\t\t<\/div>\n\t\t\t\t\t\t<span class=\"tutor-ratings-count tutor-instructor-rating-filter\" tutor-instructors-filter-rating-count><\/span>  \n\t\t\t\t\t<\/div>\n\t\t\t\t<\/div>\n\t\t\t<\/div>\n\t\t<\/aside>\n\n\t\t\n\t\t<main class=\"tutor-col-lg-9 tutor-col-xl-9\">\n\t\t\t<div class=\"tutor-form-wrap tutor-mb-24\">\n\t\t\t\t<span class=\"tutor-icon-search tutor-form-icon\" aria-hidden=\"true\"><\/span>\n\t\t\t\t<input type=\"text\" class=\"tutor-form-control\" name=\"keyword\" placeholder=\"Pesquisa qualquer instrutor...\" tutor-instructors-filter-search \/>\n\t\t\t<\/div>\n\t\t\t<div class=\"tutor-d-flex tutor-align-center tutor-mb-24\">\n\t\t\t\t<div class=\"tutor-mr-16\">\n\t\t\t\t\t<label for=\"tutor-instructor-relevant-sort\" class=\"tutor-fs-6 tutor-color-muted\">\n\t\t\t\t\t\tOrdenar por\t\t\t\t\t<\/label>\n\t\t\t\t<\/div>\n\t\t\t\t<div>\n\t\t\t\t\t<select class=\"tutor-form-control\" id=\"tutor-instructor-relevant-sort\" tutor-instructors-filter-sort>\n\t\t\t\t\t\t\t\t\t\t\t\t\t<option value=\"relevant\">\n\t\t\t\t\t\t\t\tRelevante\t\t\t\t\t\t\t<\/option>\n\t\t\t\t\t\t\t\t\t\t\t\t\t<option value=\"new\">\n\t\t\t\t\t\t\t\tNovo\t\t\t\t\t\t\t<\/option>\n\t\t\t\t\t\t\t\t\t\t\t\t\t<option value=\"popular\">\n\t\t\t\t\t\t\t\tPopulares\t\t\t\t\t\t\t<\/option>\n\t\t\t\t\t\t\t\t\t\t\t<\/select>\n\t\t\t\t<\/div>\n\t\t\t<\/div>\n\n\t\t\t<div tutor-instructors-content>\n\t\t\t\t<div class=\"tutor-pagination-wrapper-replaceable tutor-instructor-list-wrapper\">\n\t\t\t<div class=\"tutor-instructor-list\">\n\t\t\t<div class=\"tutor-grid tutor-grid-2\">\n\t\t\t\t\t\t\t\t\t<div class=\"tutor-instructor-list-item tutor-instructor-layout-cover tutor-card\">\n\t<div class=\"tutor-instructor-cover tutor-ratio tutor-ratio-16x9\">\n\t\t<img decoding=\"async\" class=\"tutor-instructor-cover-photo\" src=\"https:\/\/procurandooque.com.br\/curso\/wp-content\/uploads\/2022\/09\/Cursos-e-treinamentos-online-1.jpg\" alt=\"Instrutor Foto De Capa\" loading=\"lazy\">\n\t<\/div>\n\n\t<div class=\"tutor-card-body\">\n\t\t<div class=\"tutor-avatar tutor-avatar-xl\"><div class=\"tutor-ratio tutor-ratio-1x1\"><img decoding=\"async\" src=\"https:\/\/procurandooque.com.br\/curso\/wp-content\/uploads\/2022\/09\/nslima-150x150.jpg\" alt=\"NSLIMA\" \/> <\/div><\/div>\t\t\n\t\t<div class=\"tutor-ratings tutor-ratings-lg tutor-mt-20\">\n\t\t\t<div class=\"tutor-ratings-stars\"><i class=\"tutor-icon-star-line\" data-rating-value=\"1\"><\/i><i class=\"tutor-icon-star-line\" data-rating-value=\"2\"><\/i><i class=\"tutor-icon-star-line\" data-rating-value=\"3\"><\/i><i class=\"tutor-icon-star-line\" data-rating-value=\"4\"><\/i><i class=\"tutor-icon-star-line\" data-rating-value=\"5\"><\/i><\/div><input type=\"hidden\" name=\"tutor_rating_gen_input\" value=\"0\" \/>\t\t\t<span class=\"tutor-ratings-average\">0<\/span>\n\t\t\t<span class=\"tutor-ratings-count\">(0)<\/span>\n\t\t<\/div>\n\n\t\t<h4 class=\"tutor-instructor-title tutor-fs-4 tutor-fw-medium tutor-color-black tutor-mt-12 tutor-mb-8\">\n\t\t\tNSLIMA\t\t<\/h4>\n\n\t\t<div class=\"tutor-instructor-courses\">\n\t\t\t<span class=\"tutor-fw-medium tutor-color-black\">8<\/span>\n\t\t\t<span class=\"tutor-color-muted\">Cursos<\/span>\n\t\t<\/div>\n\n\t\t<a href=\"https:\/\/procurandooque.com.br\/curso\/profile\/nslima?view=instructor\" class=\"tutor-stretched-link\">\n\t\t\t<span class=\"tutor-d-none\">Detalhes<\/span>\n\t\t<\/a>\n\t<\/div>\n<\/div>\n\t\t\t\t\t\t\t<\/div>\n\t\t<\/div>\n\t\n\t<\/div>\n\t\t\t<\/div>\n\t\t<\/main>\n\t<\/div>\n<\/div>\n<\/div>\n\t\t\t\t\t\t<\/div>\n\t\t\t\t<\/div>\n\t\t\t\t\t<\/div>\n\t\t<\/div>\n\t\t\t\t\t<\/div>\n\t\t<\/section>\n\t\t\t\t<\/div>\n\t\t","protected":false},"excerpt":{"rendered":"<p>Professores com vis\u00e3o Nossos instrutores Contamos com uma equipe de profissionais capacitados para oferecer o melhor ensino aprendizado.<\/p>\n","protected":false},"author":1,"featured_media":0,"parent":0,"menu_order":0,"comment_status":"closed","ping_status":"closed","template":"","meta":{"_monsterinsights_skip_tracking":false,"_monsterinsights_sitenote_active":false,"_monsterinsights_sitenote_note":"","_monsterinsights_sitenote_category":0,"_joinchat":[],"footnotes":""},"class_list":["post-5473","page","type-page","status-publish","hentry"],"yoast_head":"<!-- This site is optimized with the Yoast SEO plugin v27.5 - https:\/\/yoast.com\/product\/yoast-seo-wordpress\/ -->\n<title>Instrutores - Cursos &amp; Treinamentos<\/title>\n<meta name=\"robots\" content=\"index, follow, max-snippet:-1, max-image-preview:large, max-video-preview:-1\" \/>\n<link rel=\"canonical\" href=\"https:\/\/procurandooque.com.br\/curso\/instrutores\/\" \/>\n<meta property=\"og:locale\" content=\"pt_BR\" \/>\n<meta property=\"og:type\" content=\"article\" \/>\n<meta property=\"og:title\" content=\"Instrutores - Cursos &amp; Treinamentos\" \/>\n<meta property=\"og:description\" content=\"Professores com vis\u00e3o Nossos instrutores Contamos com uma equipe de profissionais capacitados para oferecer o melhor ensino aprendizado.\" \/>\n<meta property=\"og:url\" content=\"https:\/\/procurandooque.com.br\/curso\/instrutores\/\" \/>\n<meta property=\"og:site_name\" content=\"Cursos &amp; Treinamentos\" \/>\n<meta property=\"article:modified_time\" content=\"2023-01-27T19:51:17+00:00\" \/>\n<meta name=\"twitter:card\" content=\"summary_large_image\" \/>\n<meta name=\"twitter:label1\" content=\"Est. tempo de leitura\" \/>\n\t<meta name=\"twitter:data1\" content=\"1 minuto\" \/>\n<script type=\"application\/ld+json\" class=\"yoast-schema-graph\">{\"@context\":\"https:\\\/\\\/schema.org\",\"@graph\":[{\"@type\":\"WebPage\",\"@id\":\"https:\\\/\\\/procurandooque.com.br\\\/curso\\\/instrutores\\\/\",\"url\":\"https:\\\/\\\/procurandooque.com.br\\\/curso\\\/instrutores\\\/\",\"name\":\"Instrutores - Cursos &amp; Treinamentos\",\"isPartOf\":{\"@id\":\"https:\\\/\\\/procurandooque.com.br\\\/curso\\\/#website\"},\"datePublished\":\"2020-02-01T19:05:12+00:00\",\"dateModified\":\"2023-01-27T19:51:17+00:00\",\"breadcrumb\":{\"@id\":\"https:\\\/\\\/procurandooque.com.br\\\/curso\\\/instrutores\\\/#breadcrumb\"},\"inLanguage\":\"pt-BR\",\"potentialAction\":[{\"@type\":\"ReadAction\",\"target\":[\"https:\\\/\\\/procurandooque.com.br\\\/curso\\\/instrutores\\\/\"]}]},{\"@type\":\"BreadcrumbList\",\"@id\":\"https:\\\/\\\/procurandooque.com.br\\\/curso\\\/instrutores\\\/#breadcrumb\",\"itemListElement\":[{\"@type\":\"ListItem\",\"position\":1,\"name\":\"In\u00edcio\",\"item\":\"https:\\\/\\\/procurandooque.com.br\\\/curso\\\/\"},{\"@type\":\"ListItem\",\"position\":2,\"name\":\"Instrutores\"}]},{\"@type\":\"WebSite\",\"@id\":\"https:\\\/\\\/procurandooque.com.br\\\/curso\\\/#website\",\"url\":\"https:\\\/\\\/procurandooque.com.br\\\/curso\\\/\",\"name\":\"Cursos &amp; Treinamentos\",\"description\":\"\",\"publisher\":{\"@id\":\"https:\\\/\\\/procurandooque.com.br\\\/curso\\\/#organization\"},\"potentialAction\":[{\"@type\":\"SearchAction\",\"target\":{\"@type\":\"EntryPoint\",\"urlTemplate\":\"https:\\\/\\\/procurandooque.com.br\\\/curso\\\/?s={search_term_string}\"},\"query-input\":{\"@type\":\"PropertyValueSpecification\",\"valueRequired\":true,\"valueName\":\"search_term_string\"}}],\"inLanguage\":\"pt-BR\"},{\"@type\":\"Organization\",\"@id\":\"https:\\\/\\\/procurandooque.com.br\\\/curso\\\/#organization\",\"name\":\"Cursos &amp; Treinamentos\",\"url\":\"https:\\\/\\\/procurandooque.com.br\\\/curso\\\/\",\"logo\":{\"@type\":\"ImageObject\",\"inLanguage\":\"pt-BR\",\"@id\":\"https:\\\/\\\/procurandooque.com.br\\\/curso\\\/#\\\/schema\\\/logo\\\/image\\\/\",\"url\":\"https:\\\/\\\/procurandooque.com.br\\\/curso\\\/wp-content\\\/uploads\\\/2023\\\/02\\\/logo-procurando-o-que-curso.png\",\"contentUrl\":\"https:\\\/\\\/procurandooque.com.br\\\/curso\\\/wp-content\\\/uploads\\\/2023\\\/02\\\/logo-procurando-o-que-curso.png\",\"width\":226,\"height\":62,\"caption\":\"Cursos &amp; Treinamentos\"},\"image\":{\"@id\":\"https:\\\/\\\/procurandooque.com.br\\\/curso\\\/#\\\/schema\\\/logo\\\/image\\\/\"}}]}<\/script>\n<!-- \/ Yoast SEO plugin. -->","yoast_head_json":{"title":"Instrutores - Cursos &amp; Treinamentos","robots":{"index":"index","follow":"follow","max-snippet":"max-snippet:-1","max-image-preview":"max-image-preview:large","max-video-preview":"max-video-preview:-1"},"canonical":"https:\/\/procurandooque.com.br\/curso\/instrutores\/","og_locale":"pt_BR","og_type":"article","og_title":"Instrutores - Cursos &amp; Treinamentos","og_description":"Professores com vis\u00e3o Nossos instrutores Contamos com uma equipe de profissionais capacitados para oferecer o melhor ensino aprendizado.","og_url":"https:\/\/procurandooque.com.br\/curso\/instrutores\/","og_site_name":"Cursos &amp; Treinamentos","article_modified_time":"2023-01-27T19:51:17+00:00","twitter_card":"summary_large_image","twitter_misc":{"Est. tempo de leitura":"1 minuto"},"schema":{"@context":"https:\/\/schema.org","@graph":[{"@type":"WebPage","@id":"https:\/\/procurandooque.com.br\/curso\/instrutores\/","url":"https:\/\/procurandooque.com.br\/curso\/instrutores\/","name":"Instrutores - Cursos &amp; Treinamentos","isPartOf":{"@id":"https:\/\/procurandooque.com.br\/curso\/#website"},"datePublished":"2020-02-01T19:05:12+00:00","dateModified":"2023-01-27T19:51:17+00:00","breadcrumb":{"@id":"https:\/\/procurandooque.com.br\/curso\/instrutores\/#breadcrumb"},"inLanguage":"pt-BR","potentialAction":[{"@type":"ReadAction","target":["https:\/\/procurandooque.com.br\/curso\/instrutores\/"]}]},{"@type":"BreadcrumbList","@id":"https:\/\/procurandooque.com.br\/curso\/instrutores\/#breadcrumb","itemListElement":[{"@type":"ListItem","position":1,"name":"In\u00edcio","item":"https:\/\/procurandooque.com.br\/curso\/"},{"@type":"ListItem","position":2,"name":"Instrutores"}]},{"@type":"WebSite","@id":"https:\/\/procurandooque.com.br\/curso\/#website","url":"https:\/\/procurandooque.com.br\/curso\/","name":"Cursos &amp; Treinamentos","description":"","publisher":{"@id":"https:\/\/procurandooque.com.br\/curso\/#organization"},"potentialAction":[{"@type":"SearchAction","target":{"@type":"EntryPoint","urlTemplate":"https:\/\/procurandooque.com.br\/curso\/?s={search_term_string}"},"query-input":{"@type":"PropertyValueSpecification","valueRequired":true,"valueName":"search_term_string"}}],"inLanguage":"pt-BR"},{"@type":"Organization","@id":"https:\/\/procurandooque.com.br\/curso\/#organization","name":"Cursos &amp; Treinamentos","url":"https:\/\/procurandooque.com.br\/curso\/","logo":{"@type":"ImageObject","inLanguage":"pt-BR","@id":"https:\/\/procurandooque.com.br\/curso\/#\/schema\/logo\/image\/","url":"https:\/\/procurandooque.com.br\/curso\/wp-content\/uploads\/2023\/02\/logo-procurando-o-que-curso.png","contentUrl":"https:\/\/procurandooque.com.br\/curso\/wp-content\/uploads\/2023\/02\/logo-procurando-o-que-curso.png","width":226,"height":62,"caption":"Cursos &amp; Treinamentos"},"image":{"@id":"https:\/\/procurandooque.com.br\/curso\/#\/schema\/logo\/image\/"}}]}},"jetpack_sharing_enabled":true,"_links":{"self":[{"href":"https:\/\/procurandooque.com.br\/curso\/wp-json\/wp\/v2\/pages\/5473","targetHints":{"allow":["GET"]}}],"collection":[{"href":"https:\/\/procurandooque.com.br\/curso\/wp-json\/wp\/v2\/pages"}],"about":[{"href":"https:\/\/procurandooque.com.br\/curso\/wp-json\/wp\/v2\/types\/page"}],"author":[{"embeddable":true,"href":"https:\/\/procurandooque.com.br\/curso\/wp-json\/wp\/v2\/users\/1"}],"replies":[{"embeddable":true,"href":"https:\/\/procurandooque.com.br\/curso\/wp-json\/wp\/v2\/comments?post=5473"}],"version-history":[{"count":26,"href":"https:\/\/procurandooque.com.br\/curso\/wp-json\/wp\/v2\/pages\/5473\/revisions"}],"predecessor-version":[{"id":6114,"href":"https:\/\/procurandooque.com.br\/curso\/wp-json\/wp\/v2\/pages\/5473\/revisions\/6114"}],"wp:attachment":[{"href":"https:\/\/procurandooque.com.br\/curso\/wp-json\/wp\/v2\/media?parent=5473"}],"curies":[{"name":"wp","href":"https:\/\/api.w.org\/{rel}","templated":true}]}}